{"id":1044,"date":"2024-10-09T21:05:45","date_gmt":"2024-10-09T20:05:45","guid":{"rendered":"https:\/\/www.steiningen.de\/blog\/?page_id=1044"},"modified":"2025-10-28T19:38:00","modified_gmt":"2025-10-28T18:38:00","slug":"steininger-moehnen","status":"publish","type":"page","link":"https:\/\/www.steiningen.de\/blog\/?page_id=1044","title":{"rendered":"Steininger M\u00f6hnen"},"content":{"rendered":"\n<p>Mitglieder: ca. 40<\/p>\n\n\n\n<p>Gestaltung des Weiberdonnerstags und der anschlie\u00dfenden Kappensitzung in Zusammenarbeit mit dem St\u00e4ninger Karnevalsverein<\/p>\n\n\n\n<p>Organisation:    Katja Hauprichs<\/p>\n\n\n\n<hr class=\"wp-block-separator has-text-color has-accent-color has-alpha-channel-opacity has-accent-background-color has-background is-style-wide\"\/>\n\n\n\n<p>Fr\u00fchjahrs- und Herbstwanderung<\/p>\n\n\n\n<p>Organisation:    Anna Preis<\/p>\n\n\n\n<figure class=\"wp-block-image size-full\"><a href=\"http:\/\/www.steiningen.de\/blog\/wp-content\/uploads\/2024\/10\/moehnen.jpeg\" target=\"_blank\" rel=\"noreferrer noopener\"><img loading=\"lazy\" decoding=\"async\" width=\"1024\" height=\"768\" src=\"http:\/\/www.steiningen.de\/blog\/wp-content\/uploads\/2024\/10\/moehnen.jpeg\" alt=\"\" class=\"wp-image-1001\" srcset=\"https:\/\/www.steiningen.de\/blog\/wp-content\/uploads\/2024\/10\/moehnen.jpeg 1024w, https:\/\/www.steiningen.de\/blog\/wp-content\/uploads\/2024\/10\/moehnen-300x225.jpeg 300w, https:\/\/www.steiningen.de\/blog\/wp-content\/uploads\/2024\/10\/moehnen-768x576.jpeg 768w\" sizes=\"auto, (max-width: 1024px) 100vw, 1024px\" \/><\/a><\/figure>\n","protected":false},"excerpt":{"rendered":"<p>Mitglieder: ca. 40 Gestaltung des Weiberdonnerstags und der anschlie\u00dfenden Kappensitzung in Zusammenarbeit mit dem St\u00e4ninger Karnevalsverein Organisation: Katja Hauprichs Fr\u00fchjahrs- und Herbstwanderung Organisation: Anna Preis<\/p>\n","protected":false},"author":5,"featured_media":0,"parent":75,"menu_order":4,"comment_status":"closed","ping_status":"closed","template":"","meta":{"footnotes":""},"class_list":["post-1044","page","type-page","status-publish","hentry"],"_links":{"self":[{"href":"https:\/\/www.steiningen.de\/blog\/index.php?rest_route=\/wp\/v2\/pages\/1044","targetHints":{"allow":["GET"]}}],"collection":[{"href":"https:\/\/www.steiningen.de\/blog\/index.php?rest_route=\/wp\/v2\/pages"}],"about":[{"href":"https:\/\/www.steiningen.de\/blog\/index.php?rest_route=\/wp\/v2\/types\/page"}],"author":[{"embeddable":true,"href":"https:\/\/www.steiningen.de\/blog\/index.php?rest_route=\/wp\/v2\/users\/5"}],"replies":[{"embeddable":true,"href":"https:\/\/www.steiningen.de\/blog\/index.php?rest_route=%2Fwp%2Fv2%2Fcomments&post=1044"}],"version-history":[{"count":5,"href":"https:\/\/www.steiningen.de\/blog\/index.php?rest_route=\/wp\/v2\/pages\/1044\/revisions"}],"predecessor-version":[{"id":1187,"href":"https:\/\/www.steiningen.de\/blog\/index.php?rest_route=\/wp\/v2\/pages\/1044\/revisions\/1187"}],"up":[{"embeddable":true,"href":"https:\/\/www.steiningen.de\/blog\/index.php?rest_route=\/wp\/v2\/pages\/75"}],"wp:attachment":[{"href":"https:\/\/www.steiningen.de\/blog\/index.php?rest_route=%2Fwp%2Fv2%2Fmedia&parent=1044"}],"curies":[{"name":"wp","href":"https:\/\/api.w.org\/{rel}","templated":true}]}}